 factors of m?
2
Let l = 9 + -30. What are the prime factors of (-48)/l + (-2)/7?
2
Let y = 5 - 1. Suppose -u - y*u + 40 = 0. What are the prime factors of u?
2
Suppose -a - a - 5*d = -86, 2*a - 86 = -2*d. List the prime factors of a.
43
Let i = 13 + -14. Let s = 17 + i. What are the prime factors of s?
2
Let d(f) = -f**3 - 8*f**2 - 2*f - 11. Let p be d(-8). Suppose 0*r + 4 = -4*r - 2*t, 0 = -p*r + 5*t - 35. List the prime factors of r/(6 + 0)*-18.
3
Suppose 0 = -w - w + 28. Suppose -a = 5*m - w, -14 = -4*m + 2. Let u = -3 - a. List the prime factors of u.
3
Let k(i) = 2*i + 2. Let t(b) = -b - 1. Let j be 0 + 0/1 + -3. Let q(d) = j*k(d) - 4*t(d). List the prime factors of q(-2).
2
Let w be 2/5 - 104/10. Let n be (w/6)/(1/(-12)). Suppose 2*o - n = -2*o. List the prime factors of o.
5
Let m(j) = -j**2 + 6*j - 3. Suppose -4*l = 5 - 13. Let c be m(l). Suppose -c*s - 2*n = -70, -4*s = 4*n - 16 - 52. List the prime factors of s.
2, 3
Suppose 3*t + 2*r = 477, t - r - 99 = 60. What are the prime factors of t?
3, 53
Let a = 186 + -101. List the prime factors of a.
5, 17
Suppose -3*i - 2*i = 4*a - 161, -108 = -4*i + 2*a. List the prime factors of i.
29
List the prime factors of (-3 + (-957)/6)*(-4)/5.
2, 5, 13
Suppose -4 = -4*f + 4. Suppose f*r + 3 - 37 = 0. List the prime factors of r.
17
Let d = -29 + 62. What are the prime factors of d?
3, 11
Suppose 2*k - 2*p - 331 = -p, k = -5*p + 182. List the prime factors of k.
167
Suppose 2*c - 7 = -p, 58 = 4*p - c - 15. Suppose 74 + 56 = 5*t. Let u = t - p. List the prime factors of u.
3
Let i(u) = -u**3 + 5*u**2 + 6*u + 5. Let s be i(6). Suppose 21 = 4*y + 3*m, s*y = 2*m + 24 + 8. What are the prime factors of 3/y*(5 - -1)?
3
Suppose 4*y - 2*y - 12 = 0. Let r be 0*1/2 - -75. Suppose r = y*c - c. What are the prime factors of c?
3, 5
Let s(z) = 12*z**2 - z + 1. Let w be s(2). Suppose -f + 2*d + w = 5*d, -4*d + 16 = 0. Suppose a = -4*a + f. List the prime factors of a.
7
Suppose -2 = -o - 0. Suppose -7*s + 4*s = -12. Suppose q + o = s. What are the prime factors of q?
2
Suppose -3*w + 7 = -2. Suppose -5*f = 15, 5*i + f - w*f = 101. What are the prime factors of i?
19
Suppose 11 = 4*s - 3*o, -2*s - 3*o = -1 - 0. Let v be 6/s + -3 - 1. Let p = 16 + v. What are the prime factors of p?
3, 5
Let n(g) be the third derivative of g**6/120 + g**5/15 - 7*g**4/24 - 7*g**3/6 + g**2. Let j be n(-5). Suppose y = -j + 9. List the prime factors of y.
2, 3
Suppose -j + 4 = -4. Let u be (-6)/8 - (-35)/20. What are the prime factors of j/u - (-1 - 0)?
3
Suppose 4*q + 5*b - 9 = 0, 2*b = q - 0*b - 12. What are the prime factors of q?
2, 3
Let s = -364 + 692. List the prime factors of s.
2, 41
List the prime factors of ((-1)/((-3)/21))/((-2)/(-20)).
2, 5, 7
Let k(m) = -m**3 + 11*m**2 + 2*m - 10. What are the prime factors of k(9)?
2, 5, 17
Let b(z) = z**3 + 4*z**2 + z. Let t(m) = m**3 - 7*m**2 - m + 4. Let r be t(7). What are the prime factors of b(r)?
2, 3
Let q(x) = -x**3 - 7*x**2 - 2*x + 1. Let y = -5 - 2. List the prime factors of q(y).
3, 5
Suppose 3*o + 45 = 2*l, 0 = 4*l - 2*o - 2*o - 88. List the prime factors of l.
3, 7
Suppose 2*i - 760 = -2*i. List the prime factors of i.
2, 5, 19
Let b = 442 + -236. What are the prime factors of b?
2, 103
Let v(d) = 2*d**2 + d. Let h be v(1). Suppose -g - h*g + 76 = 0. What are the prime factors of g?
19
Let p(z) = -z**3 + 6*z**2 + 7*z + 3. Let l be p(7). Let n = -5 + l. List the prime factors of (n/(-5))/(5/100).
2
Let r be 1/(-6) + 122/12. Let t = r - 1. List the prime factors of t.
3
Suppose -3*d - 39 + 171 = 0. What are the prime factors of d?
2, 11
What are the prime factors of (-203)/(1/(-3) + (-18)/27)?
7, 29
Let c be (1*5)/(0 - -1). Suppose -14 = -c*g + 11. What are the prime factors of g?
5
Suppose 10*w - 5*w + 4*s = -20, w = s + 5. Suppose -3*b + 5*b - 6 = w. What are the prime factors of (2 + -1)*(8 - b)?
5
Let s = -11 + 12. Let q(f) = 1. Let u(y) = 10*y**2 - 2*y + 2. Let m(a) = -q(a) + u(a). List the prime factors of m(s).
3
Suppose 3*v - 3*m = -3, -2*v - 5*m + 3 + 16 = 0. Suppose 2*c - 50 = -v*y + 6*c, 3*y - 60 = 3*c. What are the prime factors of y?
3, 5
Let j(l) = l**2 + 3*l - 17. Let o = 8 + -15. List the prime factors of j(o).
11
Let t(b) be the first derivative of b**3/3 - b**2/2 + 4*b + 2. Let x be t(0). Let z = 7 + x. What are the prime factors of z?
11
Let j(q) = q**2 + 13*q + 11. Let g be j(-12). What are the prime factors of (-35)/g + (-13 - -13)?
5, 7
What are the prime factors of (-4)/(-7)*(-35)/(-10) - -89?
7, 13
Let t(u) be the first derivative of -u**2 - 1. List the prime factors of t(-7).
2, 7
Suppose 11 - 26 = -p. Suppose -r = 4*r - p. Let d = 6 - r. What are the prime factors of d?
3
Suppose -b - b + 6 = 0. List the prime factors of b/(1 - 4) + 9.
2
Suppose 3*f - 9 = 3*s, 3 + 0 = -3*s + f. Suppose 3*x - x - 42 = s. What are the prime factors of x?
3, 7
Let t(w) = 0*w - w + 2 + 2. What are the prime factors of t(-9)?
13
Suppose h = -5*s - 1, -s - 3 = -4*s. Let n = 4 - h. What are the prime factors of n?
2, 5
Suppose -3*t = -2*q + 8, 3*t - 3*q + 2 = 2*q. Let a(z) be the first derivative of -z**2 - 3*z - 1. List the prime factors of a(t).
5
Suppose 3*u = -0*u - 63. List the prime factors of u/(-9) + 2/3.
3
Let q(j) = -23*j + 24. What are the prime factors of q(-3)?
3, 31
Suppose 5*u - 4*q = 124 + 33, 4*q + 12 = 0. What are the prime factors of u?
29
Let s(u) = -u**2 + 2*u - 2. Let d(w) = w**2 - w + 1. Suppose 0*f + 5 = 5*f. Let y(x) = f*s(x) + 3*d(x). What are the prime factors of y(1)?
2
Let j = 10 - 16. Let l be 3/(j/(-8)) + 0. Suppose o - 5*o + 3*t + 40 = 0, 36 = l*o - 2*t. What are the prime factors of o?
7
Suppose -3*l - 228 = -627. Suppose 5*j - l = 4*t, 0*t = 2*t - 6. List the prime factors of j.
29
Suppose 2*o - 2 = 10. Let u be (-6)/(2 - 21/o). Suppose p + 4 = 0, -4*p - 36 = -u*i - 0*p. What are the prime factors of i?
5
Let y(z) = -35*z - 1. Suppose 4*g = 5*d + 1, 9 = -4*g - 3*d + 2. List the prime factors of y(g).
2, 17
Suppose f + 2 = 0, 5*y + 5*f + 0*f = 480. List the prime factors of y.
2, 7
Let y = 7 + -7. Suppose 5*z + y = -10. List the prime factors of ((-6 + -1)*2)/z.
7
Let c(h) = h**3 - 3*h**2 - 3*h - 3. Let q be c(4). Let a(z) be the first derivative of 3*z**2 - z + 3. What are the prime factors of a(q)?
5
Suppose 0 = 18*u - 15*u - 561. What are the prime factors of u?
11, 17
Let j = -208 - -294. List the prime factors of j.
2, 43
Let l be (-6)/(-15) - (-26)/10. Suppose l*t + 0*t + 33 = 0. Let u = -5 - t. List the prime factors of u.
2, 3
Let a be (-4)/(-10) - 52/5. Let g = -5 - a. Suppose 0 = -0*w - g*w + 35. What are the prime factors of w?
7
Let s(m) = m**3 - m**2 + 4. What are the prime factors of s(0)?
2
Suppose 111 = 5*b - 14. Suppose 6*o + 46 = f + o, b = -5*o. List the prime factors of f.
3, 7
Suppose -3*h = -2*h - 94. What are the prime factors of h?
2, 47
List the prime factors of 6715/51 + 2/(-3).
131
Let o(s) = 11*s**3 - 2*s**2 + 1. What are the prime factors of o(2)?
3
Let p = -175 + 245. Suppose 4*n = -n + p. List the prime factors of n.
2, 7
Let m(j) = j - 8. Let l be m(8). Suppose 15 = -5*b, 5*k + 2*b = 3*b - 22. Let v = l - k. List the prime factors of v.
5
Suppose 3*v + 15 = -72. Let l = -16 - v. Let c = -9 + l. List the prime factors of c.
2
What are the prime factors of 24/18 - (-1552)/6?
2, 5, 13
Let l be ((-4)/(-3))/(1/3). Suppose 2*k + 24 = 4*a + 2, 5*k - 43 = -l*a. Suppose -5 = -3*r + a. List the prime factors of r.
2
Let o be (-1)/(-3) + 38/(-6). Let i be (-21)/o*-2 - -1. Let n(m) = m**3 + 6*m**2 + 7. List the prime factors of n(i).
7
Let n be (-14)/63 + (-58)/(-18). Suppose 0 = n*u - 0*u. Suppose 5*o + x - 16 = 0, 0 = 5*o - u*x + 2*x - 12. List the prime factors of o.
2
Suppose -4*i - 20 = 0, 4*a - 123 = 10*i - 7*i. What are the prime factors of a?
3
Let s(f) = 3*f - 28*f**3 - 2*f + 113*f**3 + 2*f**2. Let i be s(-1). List the prime factors of (i/(-35))/(2/10).
2, 3
Let o(c) = c**3 - c**2 - 4*c + 4. Let p be o(3). Let u = -7 + p. List the prime factors of u.
3
Let v(h) = h**3 + 9*h**2 - 3*h - 13. Suppose 5*j = 36 + 99. Suppose 3*i = -0*i - j. List the prime factors of v(i).
2, 7
Suppose -3*d - 4*h = -h - 66, 5*d = 3*h + 70. Let p = -5 + d. Suppose -f = 2*c - p, -35 = -3*f + 4*c + 11. List the prime factors of f.